e 8) to base 10
2434409
What is -32452306 (base 7) in base 16?
-2a82cf
27227 (base 8) to base 9
17322
Convert 114300042 (base 5) to base 4.
2003333213
-3204000 (base 7) to base 16
-5eb5d
Convert 1ba343 (base 13) to base 4.
2230312130
Convert 3460303 (base 8) to base 15.
1392d5
What is 102202011232 (base 4) in base 15?
65e717
Convert -bc8c6 (base 13) to base 2.
-1010011100000100001
-131783 (base 10) to base 2
-100000001011000111
Convert 332012230 (base 4) to base 2.
111110000110101100
What is -d0658 (base 16) in base 3?
-1121100220112
Convert 10524451 (base 6) to base 14.
8571d
What is -452211102 (base 6) in base 3?
-120111001110102
What is 251484 (base 14) in base 4?
10312121030
Convert -22111200110 (base 3) to base 2.
-101000111000001111
Convert 7262581 (base 10) to base 8.
33550565
Convert -8318037 (base 10) to base 9.
-16577173
What is -21013031332 (base 4) in base 8?
-11071576
What is 3231022223 (base 4) in base 15?
142c75
What is -1ce6e (base 15) in base 12?
-4674b
-26023014 (base 7) to base 10
-2358822
-2623162 (base 7) to base 10
-342064
9105a (base 12) to base 2
101110000000000110
What is 446100 (base 7) in base 10?
78939
What is -10101000101000011000 (base 2) in base 7?
-5604511
Convert -1a53c2 (base 15) to base 8.
-4712435
3754a93 (base 11) to base 8
30702031
What is -64626516 (base 7) in base 4?
-111003213012
Convert -111111101010100010 (base 2) to base 9.
-436634
Convert -16c9a1 (base 16) to base 4.
-11230212201
-111011100111000111000 (base 2) to base 11
-1114630
What is -15623363 (base 7) in base 14?
-2b7633
Convert -1264859 (base 10) to base 13.
-35394b
Convert -51996b (base 15) to base 10.
-3880001
What is -31300100332 (base 4) in base 6?
-205140234
Convert -2455533 (base 6) to base 3.
-20201022110
What is b435 (base 13) in base 4?
12010313
106a0739 (base 11) to base 14
2a43800
Convert 2100366 (base 8) to base 9.
1038424
What is -110110011101101000000 (base 2) in base 5?
-424102030
-326046 (base 7) to base 12
-29203
What is 1735243 (base 8) in base 3?
221201211102
What is 104d8 (base 16) in base 13?
24518
Convert -11468 (base 11) to base 15.
-4d70
What is 212024044 (base 5) in base 6?
31043251
Convert -411502 (base 15) to base 8.
-13630223
Convert -20315a (base 13) to base 9.
-1362010
Convert 3bad38 (base 14) to base 7.
23363401
77baa8 (base 13) to base 8
12615415
What is -702551 (base 11) in base 12?
-4663b4
Convert -53599 (base 12) to base 15.
-22786
What is -c5171 (base 16) in base 3?
-1112000101022
782113a (base 11) to base 14
1b72080
521326 (base 7) to base 4
111310003
Convert 120010101120 (base 3) to base 8.
1105365
30016d (base 14) to base 11
a0249a
204444200 (base 5) to base 6
30230124
What is 1100011001100 (base 2) in base 14?
2456
What is 167045 (base 9) in base 8?
312207
-11b7a (base 16) to base 14
-1c638
What is -4a720 (base 12) in base 10?
-101256
Convert -5131241 (base 6) to base 11.
-1582a1
Convert 2450927 (base 12) to base 13.
16080c4
What is 6402325 (base 7) in base 10?
773974
Convert -741332 (base 11) to base 8.
-4417502
What is -45465 (base 11) in base 15?
-1474e
-1111111011011001110 (base 2) to base 6
-15104210
11111101011111100010 (base 2) to base 7
11553063
26042265 (base 8) to base 10
5784757
-19071 (base 12) to base 11
-25367
What is -1476154 (base 10) in base 7?
-15355441
Convert -101001011101100000 (base 2) to base 14.
-45c64
What is -31568 (base 12) in base 11?
-44701
What is -44b0 (base 13) in base 2?
-10010110000111
Convert 7a9318 (base 11) to base 9.
2370211
-39498 (base 12) to base 9
-128548
What is -2870170 (base 9) in base 4?
-12002010201
1301050 (base 6) to base 16
11256
-11016 (base 9) to base 3
-101000120
What is 265319 (base 15) in base 2?
111000001001111001010
111201211110 (base 3) to base 6
5443320
What is -204438 (base 10) in base 4?
-301322112
2435304 (base 9) to base 12
539511
Convert 52833 (base 12) to base 6.
2153303
Convert -1437a31 (base 11) to base 14.
-484345
Convert 9ace7 (base 15) to base 16.
78304
Convert -16480021 (base 9) to base 3.
-120112200000201
-516631 (base 11) to base 13
-230229
Convert -1833461 (base 9) to base 7.
-11502331
Convert 1560733 (base 8) to base 9.
756630
-112111010220 (base 3) to base 8
-1054730
Convert 103312310 (base 4) to base 16.
13db4
What is 40511016 (base 7) in base 13?
914b92
What is -6851137 (base 9) in base 3?
-20221201011021
What is -978955 (base 13) in base 2?
-1101100101010100011011
What is -10100112212 (base 4) in base 5?
-241144213
What is 43432433 (base 5) in base 10?
374118
Convert -20230b (base 13) to base 9.
-1358333
187782 (base 12) to base 11
272560
What is -3053521 (base 7) in base 14?
-97681
Convert -76354 (base 10) to base 7.
-435415
Convert 16214a (base 13) to base 6.
15421420
What is -3320437 (base 8) in base 13?
-25373b
-3d5c29 (base 15) to base 8
-13215130
What is -6195c (base 13) in base 16?
-2ac39
282332 (base 9) to base 13
60581
-488231 (base 11) to base 6
-24315132
What is -11000011001010111 (base 2) in base 13?
-36639
What is 1089640 (base 12) in base 3?
12221222010210
What is -1cc297 (base 15) in base 7?
-14652601
Convert -452730 (base 9) to base 10.
-271053
What is 35b32 (base 14) in base 10?
131168
What is 132203122 (base 4) in base 3?
20100200001
-241018 (base 10) to base 11
-155098
What is -1111012101201 (base 3) in base 16?
-c12d6
Convert -4934b (base 12) to base 6.
-2042135
Convert 47517c (base 13) to base 16.
19e264
Convert -10095464 (base 10) to base 9.
-20886332
-32232344 (base 5) to base 9
-456884
Convert -114721 (base 11) to base 5.
-21310021
What is a98a99 (base 13) in base 16?
3cdf7b
Convert 111111102211 (base 3) to base 16.
40dcb
288181 (base 12) to base 10
677617
-32957 (base 10) to base 9
-50178
What is -111100001000000110101 (base 2) in base 5?
-1001021404
Convert 667962 (base 11) to base 8.
4037262
Convert 11964 (base 12) to base 7.
126331
Convert -130112101023 (base 4) to base 11.
-4216226
What is 1001100011010000100111 (base 2) in base 7?
30165321
-83816 (base 12) to base 2
-101010000011010010
What is 12233410 (base 5) in base 6?
2310112
-112255 (base 7) to base 5
-1120112
-6266162 (base 9) to base 10
-3350621
What is -33e60 (base 16) in base 6?
-4320052
What is -44345 (base 9) in base 14?
-aa32
Convert -79e41 (base 16) to base 15.
-9cde5
What is -834414 (base 15) in base 16?
-5f3c0e
What is 10908 (base 16) in base 3?
10110001220
Convert 111121313120 (base 4) to base 7.
65456336
What is 1000111100110101011 (base 2) in base 9?
486278
What is 139b428 (base 12) in base 14?
747572
-1a31d (base 16) to base 2
-11010001100011101
22110221002222 (base 3) to base 15
5e01be
What is 1186795 (base 10) in base 13?
32725c
10423323 (base 5) to base 7
533131
Convert 6b4a0 (base 16) to base 10.
439456
Convert 2122003 (base 6) to base 2.
11001011010110011
What is 101441144 (base 5) in base 12?
183a68
What is 8da2 (base 14) in base 8?
60102
What is ce0bd (base 15) in base 5?
131424203
What is -856710 (base 12) in base 13?
-5895ba
What is -323133340 (base 5) in base 9?
-2533575
362732 (base 8) to base 15
26cbd
What is 152004455 (base 7) in base 16?
9a68fe
What is -1330267 (base 8) in base 13?
-100981
What is 2b7bc (base 15) in base 3?
21010012220
252340 (base 10) to base 8
754664
What is -271cf (base 16) in base 9?
-263677
What is 11110101111000010111 (base 2) in base 15?
14d61c
Convert -33c868 (base 14) to base 9.
-3276721
2a5a6 (base 16) to base 9
283863
What is -323222211 (base 4) in base 5?
-30310024
What is 4423723 (base 8) in base 14?
22d88b
24214433 (base 5) to base 2
110111001111000011
Convert 92242 (base 14) to base 15.
6e307
Convert 33010131 (base 4) to base 10.
61725
What is -19717c3 (base 14) in base 4?
-300032231033
What is 822e0a (base 15) in base 2?
10111100110010010110000
What is -1200012112211 (base 3) in base 14?
-19239a
95419 (base 10) to base 16
174bb
2301620 (base 7) to base 5
33130440
Convert -1cad (base 14) to base 3.
-21012102
Convert -211420432 (base 5) to base 9.
-1604260
Convert -20220021022 (base 3) to base 13.
-49a66
What is 730086 (base 11) in base 7?
12646041
Convert 287513 (base 9) to base 2.
101010111111101010
Convert -2032020233 (base 4) to base 5.
-122112231
-52302112 (base 6) to base 8
-5622374
Convert 26112 (base 9) to base 16.
44b4
Convert 14036133 (base 7) to base 4.
10332032301
Co